t n(o) = -o**2 + 9*o - 10. Let z be n(8). Let s be d(z). Let j = s + 21. Is j a multiple of 7?
True
Let k be (-3 + 0/(-3))*5. Let w be 6/(-15) + (-126)/k. Suppose 3*p - 18 = -i, i + 0 - w = -p. Is p a multiple of 5?
True
Let g(d) = d**3 + d**2 + 9*d + 7. Is 42 a factor of g(8)?
False
Let o(t) = 31*t**2 - 1. Is o(-4) a multiple of 32?
False
Suppose 5*w = w - 2*y + 3230, 4*w = -5*y + 3239. Does 17 divide w?
False
Let m = 12 + -10. Suppose m*f + 2*f - 164 = 0. Suppose -146 + f = -5*g. Does 6 divide g?
False
Let c = 985 + -579. Let b = c + -274. Is 11 a factor of b?
True
Let w(l) = 144*l**2 + 16*l - 6. Is 43 a factor of w(2)?
True
Let c(a) be the third derivative of a**4/8 - 4*a**3/3 + 3*a**2. Let n be c(4). Suppose -3*x - y = 2*x - 145, -116 = -n*x + y. Is 12 a factor of x?
False
Let q(b) = -2*b**2 - 3*b + 8. Let p(g) = -5*g**2 - 10*g + 24. Let t(h) = 3*p(h) - 8*q(h). Does 8 divide t(10)?
True
Suppose f - 12 = -0. Suppose -f = -2*v + v. Does 6 divide v?
True
Let p(a) = -a. Let c(m) = -16*m + 1. Let q(h) = c(h) - p(h). Is 8 a factor of q(-3)?
False
Let r = -4 - -6. Let g be 1/r + 203/14. Let m = -9 + g. Is 5 a factor of m?
False
Let s(m) be the first derivative of 34*m**2 - 4. Is 17 a factor of s(1)?
True
Let u be (-4)/(-4)*-5*-1. Suppose -u*r = r. Suppose r = -2*g + 6 + 6. Is g a multiple of 6?
True
Let d = 48 - 27. Suppose 95 = 2*l + d. Let j = l + -19. Is 8 a factor of j?
False
Does 54 divide 33110/616 - 1/(-4)?
True
Suppose 9*u - 168 = 3*u. Suppose 6*k = 554 + u. Is k a multiple of 20?
False
Let s = 2 + 2. Suppose -s*y + 153 = 3*i, 21 = y - 5*i - 23. Suppose 16 = u - y. Is 22 a factor of u?
False
Let m = 708 - -641. Is m a multiple of 19?
True
Suppose -2*f = -3*j + 190, 0 = -3*j - 2*f + 243 - 61. Is j even?
True
Let f be (102/(-9))/((-2)/(-3)). Let m = f - -22. Suppose -2*b - 3 = 4*j - 45, -m*b = 2*j - 65. Does 5 divide b?
False
Suppose -11*x + 154 = -4*x. Is x a multiple of 22?
True
Let d be -548*(-5)/30*3. Let v = d - 160. Is v a multiple of 21?
False
Let n(f) = 7*f**3 + 3*f**2 - 3*f + 12. Let o be n(4). Suppose 0 = 7*y - o + 125. Is y a multiple of 10?
False
Suppose -5*o + 123 = -2*f - 2*f, 3*f = -4*o + 86. Suppose -57 = -5*s + o. Suppose 0 = -4*y - s + 48. Does 4 divide y?
True
Suppose 4*p + p - 20 = 0. Suppose -7*i + 6*i = 4*v - 60, 2*i = p*v + 132. Is 17 a factor of i?
False
Suppose -3*x - 1427 = -4*a, -a + 29 = -4*x - 344. Is 9 a factor of a?
False
Let o(j) = j - 9. Let h be (-47)/(-7) - 18/(-63). Let y be o(h). Does 2 divide ((-5)/y)/((-2)/(-4))?
False
Let k = -100 + 103. Suppose -2*i - 2*b = -0*i - 26, 0 = i + 5*b + k. Is i a multiple of 9?
False
Let v(q) = 26*q**2 - 2*q - 1. Let n be v(-1). Let d = n - 73. Let f = d + 98. Is 17 a factor of f?
False
Let c(k) = -8*k**2 - 36*k - 2. Let p(l) = -l**2 + l + 1. Let m(t) = -c(t) + 4*p(t). Is 14 a factor of m(-13)?
False
Suppose p + d = -11, 2*d - 6*d = 2*p + 32. Let t(m) = m**3 - 2 + 6*m + 8 + 3 + 7*m**2. Is 9 a factor of t(p)?
True
Is (-20)/(-2 + (-35)/(-18)) a multiple of 30?
True
Suppose 83*m + 27296 = 99*m. Is m a multiple of 10?
False
Let v(d) = d + 15. Let r be v(-13). Suppose 3 = -r*s + 9. Suppose -k - 26 = -s*y - 98, -5*k = 5*y - 420. Does 26 divide k?
False
Let r = 74 - -45. Is 51 a factor of r?
False
Suppose 27*x - 26*x - 407 = 0. Suppose -3*o + x = 107. Is 15 a factor of o?
False
Suppose -6 = -2*w + 2, -2*y = -4*w + 36. Is 13 a factor of ((-47)/(-1))/(y - -11)?
False
Let x(o) = -o**3 - 43*o**2 + 4. Does 2 divide x(-43)?
True
Let c(b) = b**3 + 9*b**2 + 7*b - 4. Let r be c(-8). Suppose -5*h = 5*g - 40, -r*h - 5*g + 24 = -8. Let o = h + -4. Is o a multiple of 4?
True
Let i = 41 + -36. Suppose i*d - 338 = -73. Is 15 a factor of d?
False
Suppose 0 = -3*x - 3*g + 11976, 5*x + 12036 = -4*g + 31997. Suppose -5*o - 6*o = -x. Does 52 divide o?
False
Suppose -5*k + 20 = -w, -5*k - w = -6*k + 4. Suppose -1 = i, -2*h - k*i = h - 38. Does 14 divide h?
True
Let g be (16/20)/(4/30). Let s be (-1354)/(-12) + 1/g. Suppose 2*z - r = s, 0 = -4*z + 3*r + 336 - 109. Does 14 divide z?
True
Suppose -9 = -10*f + 13*f. Let i(z) = -z**3 - 3*z**2 + 4. Let r be i(f). Suppose 0 = -r*j + 134 + 30. Is j a multiple of 7?
False
Suppose 8*t - 6*t - 1074 = -3*h, 358 = h + 3*t. Does 15 divide h?
False
Suppose -3*w = -4*w + 3*h + 107, 0 = -2*w + 4*h + 204. Let p = w - 27. Is 19 a factor of p?
False
Let z(t) = -80*t - 56. Does 44 divide z(-15)?
True
Suppose -4*d + o = -o - 24, -5*d - 4*o + 30 = 0. Suppose 0 + d = 3*v. Suppose 2*w = v*c - 1 + 31, -3*c - 59 = -4*w. Is w a multiple of 14?
True
Suppose 3*q + 549 = 3*r, 2*q = -5*r + 705 + 182. Is 52 a factor of r?
False
Suppose -2 = -2*d + 4. Suppose 5*u - 127 = s, 5*s - 6*s = -d. Does 20 divide u?
False
Suppose 0*h - h + 2 = 0. Is 5 a factor of h/4*(58 + 0)?
False
Let k(i) be the first derivative of -i**2 - i + 8. Let y be k(-3). Suppose y*v + 45 = 185. Is v a multiple of 7?
True
Suppose -3*b = j - 426 + 76, -3*b = -4*j - 370. Does 23 divide b?
False
Is 19 a factor of (133/28)/((-5)/(-340))?
True
Suppose 2*h = -2*h - 64. Let g be (9/(-6))/(6/h). Suppose -5*b = -g*d - b + 284, b - 133 = -2*d. Does 17 divide d?
True
Suppose 5*p = -5*s + 825, -3*s = -5*p + 2*s + 855. Is p a multiple of 28?
True
Let g(z) = -12*z + 11. Let t = 33 + -38. Is 11 a factor of g(t)?
False
Suppose -93 = -2*z - 5*s, -17*z + 2*s = -12*z - 276. Does 18 divide z?
True
Suppose 2*a - 2*j - 330 = 0, -j - 121 - 364 = -3*a. Is a a multiple of 20?
True
Let q = 9 + -8. Let h be -2 + q*(12 - 4). Suppose -5*w - 3*t + 12 = -3, h = 2*w + t. Does 3 divide w?
True
Let o be 0*(-4 - (-22)/6). Suppose 2*z + o = 32. Is 32*(84/z)/3 a multiple of 8?
True
Let j = 9 + 105. Suppose 7*p = 5*p + j. Is p a multiple of 20?
False
Let h(m) = -6*m**3 + m**2 - 10*m + 11. Let o(x) = -x**3 - 2*x + 2. Let z(q) = -2*h(q) + 11*o(q). Is 13 a factor of z(5)?
True
Let f(w) = -w**2 + 13*w + 3. Let a be f(13). Suppose 0 = -q + 2*d + 96, 2*d - 11 = -a. Is q a multiple of 8?
True
Suppose 118 = -i + 124. Suppose 0 = -3*h - 2*b + 131, 3*h - 3*b = -i*b + 129. Is 15 a factor of h?
True
Suppose -5*n = -0*f - f - 69, 2*f - 18 = -2*n. Let i = -4 + n. Is i a multiple of 3?
True
Suppose -5*r = -9*r + 12. Suppose r - 125 = -t. Suppose -f + t = 5*c + 2*f, 0 = -3*c - 4*f + 82. Is 11 a factor of c?
True
Let m = -130 - -71. Let v = m + 219. Suppose -v = -5*z + z. Does 12 divide z?
False
Suppose -9*d = -19*d + 1940. Is d a multiple of 14?
False
Let o(i) = 16*i - 5. Suppose -a + 1 = -3*j, 0 = -3*j + 2*j - 5*a + 21. Let h be 1/((-1)/(-4)) - j. Does 19 divide o(h)?
False
Suppose -7*j = -10*j + 3*u + 27, -2*j - 2*u = -30. Does 6 divide j?
True
Is (-48)/(-4)*(-3 - (-84)/16) a multiple of 9?
True
Let z = -49 + 53. Suppose -z*j = -0 - 16. Is j a multiple of 2?
True
Let s = -207 - -210. Suppose 0 = 2*y + 6, 2*y - 4 = 2*o - 4*o. Suppose w + 3*w + s*n = 58, -38 = -3*w - o*n. Does 16 divide w?
True
Let u(o) = -149*o - 33. Does 30 divide u(-22)?
False
Suppose -405 = -12*d - 3*d. Let z be (2 + 1)/(1/(-5)). Let f = z + d. Does 4 divide f?
True
Suppose 4*r - 26 = -3*a, 4*r = 4*a + 8*r - 36. Suppose 0*w + a = w. Suppose -w + 37 = 3*l. Is l a multiple of 5?
False
Suppose j - 4*p + 9 + 12 = 0, -2*p = 3*j + 105. Is (5 - (-159)/j) + (-3228)/(-33) a multiple of 16?
False
Suppose 37*t = 33*t + 16. Suppose -124 = -t*r + 4*x, -r - 2*x = 4*r - 176. Does 22 divide r?
False
Suppose c + 3*t - 913 + 116 = 0, 0 = c + t - 791. Suppose 0 = 6*s - 2*s - 4*g - c, s + 4*g = 217. Suppose 4*z - 343 = s. Does 30 divide z?
False
Suppose 0 = 22*y - 25*y + 6. Suppose 4*w - 2*x - 32 = 0, -y*x - x = 0. Is w a multiple of 4?
True
Let r = 1188 - 724. Is r a multiple of 8?
True
Let x = 1793 + -368. Does 13 divide x?
False
Suppose 258 = 9*i + 33. Is i a multiple of 15?
False
Let b = -135 + 159. Does 18 divide (-2 + b)*(8 - (-6 - -4))?
False
Let t = -1227 + 1519. Is t a multiple of 2?
True
Let n(i) = 26*i**2 + 4*i - 2. Let x be n(3). Suppose -4*o = 3*h - 0*o - 345, x = 2*h - 2*o. Does 21 divide h?
False
Let h = -56 + 37. Let x = -14 - h. Suppose 3*v - x = 226. Does 27 divide v?
False
Suppose -10 = k - 3*m, 0 = -k - 5*m - 5 + 11. Let v = -1 - -20. Let j = k + v. Is j a multiple of 5?
True
Let m(r) = 9*r**3 - r**2 + r - 4. Let g be m(2). Suppose 5*v - 25 = 0, g = -2*y - 5*v + 197. Is y a multiple of 21?
Fa